 -5*r. What is the hundreds digit of w?
1
Let d(v) = v**3 - 4*v**2 + 3*v + 4. Let f be d(3). Let h be 36/(-21) + f/(-14). What is the units digit of (-16)/(-6)*(1 - h)?
8
Let q(k) = -k + 1. Let z be q(-1). Suppose -z*b + 119 = 5*j, 1 = j - 5*b - 12. What is the tens digit of j?
2
Let l(v) be the second derivative of v**5/40 - v**4/24 - v**3/3 - v. Let h(g) be the second derivative of l(g). What is the units digit of h(3)?
8
Let r(y) = y**2 - 8*y + 2. Let w be r(8). Let v be 3/w*8/3. Suppose -2*t = -4*t + v. What is the units digit of t?
2
What is the hundreds digit of (-1698)/(-10) - (-4 + 48/10)?
1
Let u(p) = -p + 5. Let b be u(0). Let g = 3 + b. What is the units digit of g?
8
Let p = 58 + -117. Let d = p + 86. What is the tens digit of d?
2
Suppose -g = -5, 2*u + 0*g - 137 = -g. Let x = -43 + u. What is the tens digit of x?
2
Suppose 0 = 2*w + 3*t - 6, -2*t + 0*t + 3 = w. Suppose -56 = -5*b - 4*d, -2*d + 33 = w*b + d. What is the units digit of b?
2
Suppose -4*w = -3*h + w + 121, 4*h - 2*w - 180 = 0. Let m = h - 31. What is the units digit of m?
6
Let i(j) = -j**3 - 6*j**2 + 5*j + 7. Suppose -13 = u - 2*n, 3*u - n - 3 = -27. What is the tens digit of i(u)?
2
What is the tens digit of (-1)/(-3)*(-5 - -200)?
6
Suppose 0 = 4*v - v. Suppose v*q + 21 = q. What is the tens digit of q?
2
Suppose -3*w = -2*x + 7, x - 2*w = -0*x + 4. What is the units digit of x + 1 + (16 - -1)?
0
Let i(v) = v**2 - 2*v - 4. Let z be i(4). Suppose z + 1 = o. Suppose j - o*y = 4, 6*j + 3*y = 3*j + 30. What is the units digit of j?
9
Let x(i) = 7*i**2 + 6*i + 3. What is the tens digit of x(-4)?
9
Let d(m) = -m**3 + 6*m**2 - 3*m - 6. Let t be d(5). What is the units digit of 1 + (-4)/(t/(-5))?
6
Suppose -46*m - 750 = -52*m. What is the hundreds digit of m?
1
Let b(x) = -x**2 + 9*x - 5. Let q be b(8). Let a = 3 - q. Suppose a = m + 1, 2*m + 2*m = 2*j - 18. What is the units digit of j?
7
Let v(p) = p**2 + 7*p + 3. Let m be v(-6). Suppose 2*b = -4*y + 3*b + 46, -3*y - 2*b = -29. Let a = y + m. What is the units digit of a?
8
Suppose 2*p = 8 + 20. What is the tens digit of p?
1
Let u = 23 + -21. What is the units digit of u?
2
Let m(r) be the second derivative of -r**5/20 - r**4/2 + 7*r**3/6 + 2*r**2 + r. Suppose n = 1 - 8. What is the units digit of m(n)?
4
Let v = -81 + 144. What is the units digit of v?
3
Suppose 0 = -4*u + 5*d + 1 - 2, 0 = -5*u + 5*d. What is the units digit of u?
1
Suppose 3*s - 6*s + 339 = 0. What is the tens digit of s?
1
Suppose 4*g = 3*k - 56, 0*k = -k + 4. Let d = g + 45. What is the tens digit of d?
3
Suppose -2 = -6*g + 5*g. Let h = -1 + g. What is the units digit of h?
1
Let j = 5 + -11. Let c = j + 9. What is the units digit of 0 - 0/c - -16?
6
What is the tens digit of (-33)/(-1) - 4 - -2?
3
Let q(a) be the first derivative of -2*a**2 - 6*a + 4. What is the units digit of q(-3)?
6
Let f(v) = -v**3 + 4*v**2 + 5*v + 4. What is the tens digit of f(-3)?
5
Suppose 2*h = 3*l - 21, -h - 4*h + 3*l - 30 = 0. Let i = 0 - h. What is the units digit of i?
3
Suppose -141 + 553 = 2*p - 2*w, -p - 3*w = -190. What is the units digit of p?
2
Let s(y) = -y**3 + 7*y**2 + y - 7. What is the tens digit of s(5)?
4
Suppose -5*d + 5 = 2*z - 0, -5*d - 4*z - 5 = 0. Let n = -2 - -7. Suppose -d*b + n*b = 10. What is the units digit of b?
5
Let d(g) = -g - 7. Suppose -4*u - 2 = 38. Let o be d(u). Suppose 29 = 2*l + o*z, -l - 3 + 5 = -z. What is the units digit of l?
7
Suppose -m + 3 = 2*t + 2*t, -3*t + 3*m + 21 = 0. Suppose 2*r + 9 = -5*h, t*r = 7*r + 5*h. Suppose 0 = 5*a - r*a - 26. What is the tens digit of a?
1
Let u = -6 - -4. Let n be u/(-4) + (-36)/(-8). Let j = n + -1. What is the units digit of j?
4
Let o(b) = -4*b - 3. What is the units digit of o(-6)?
1
Suppose 5*y - 968 = y. What is the hundreds digit of y?
2
Let b be (-1 - -3)/(4/(-10)). Let n(z) = -16 + 8 + 2*z**2 - z**2 + 5*z + 12. What is the units digit of n(b)?
4
Let q(s) = -18*s**2 + s**3 + 3*s - s + 5*s**2 - 18 + 0. Let v be q(13). Let b = v + -7. What is the units digit of b?
1
Suppose 2*u - 28 - 28 = 0. What is the tens digit of u?
2
Let a(y) = -3*y. Let m be a(4). Let g = m + 17. Suppose -4*v + 0*v - 4 = -4*i, 3*i + g*v - 35 = 0. What is the units digit of i?
5
Suppose 3*w + 2*j = 12, 5*w + 2*j = 4*j + 20. Let o be w + -1 - (4 + 3). What is the units digit of o/((-24)/(-9))*-4?
6
Let c be 0*(-2)/(-4)*2. Suppose 5*f - 40 = -c*f. Let i = f + -2. What is the units digit of i?
6
What is the units digit of 62/(2/6*6)?
1
Suppose -3 = -5*h + 17. Suppose 3*l + 4*o = 44, 6*o - 10 = h*o. What is the units digit of l?
8
Suppose -8*d + 4*d = -60. What is the units digit of 2/(d/(-6) + 3)?
4
Suppose 0 = -2*v - 2. Let b = v - -3. What is the units digit of b?
2
Let p(l) = 10*l - 2. What is the tens digit of p(3)?
2
Suppose -3*q + 16 = -2*q. Suppose -4*b = -o - 3*o - 12, 5*b - q = 4*o. What is the units digit of b?
4
Let z = -38 - -416. What is the units digit of (-2)/(-7) + z/49?
8
What is the units digit of (10/15)/((-2)/(-15))?
5
What is the hundreds digit of (575/(-20) - 3)/(1/(-4))?
1
Suppose -j + 18 = -11. What is the units digit of j?
9
Suppose 4*k = f + 14, -f = f - 2*k - 2. Suppose -4*q + f = -3*q. Suppose -q = -3*u - 0*u. What is the units digit of u?
2
Let h(m) be the third derivative of -m**4/12 - m**3/2 + 3*m**2. What is the units digit of h(-7)?
1
Let z be (-10 + -2)*(-4)/6. Suppose -z = -u + 2. What is the tens digit of u?
1
What is the tens digit of 1449/(-18)*(-8)/14?
4
Let d(t) = -14*t - 6. What is the units digit of d(-5)?
4
Suppose -105 = -2*c + 5*c. Let k = c - -57. Suppose -5*m = -97 + k. What is the tens digit of m?
1
Let v(r) = r - 4. Let q be v(6). Suppose 3*p = w + 29, -p + 5 + 0 = q*w. What is the units digit of p?
9
Let j be 56/(-4)*(-1)/(-2). Let k(t) = t**2 + 9*t + 2. Let r be k(j). What is the units digit of r/(-7) - (-2)/7?
2
Suppose 0 = 3*g - 2*j - 3, 2*g - 2*j - 3 = -1. Suppose g = -2*k + 17. What is the units digit of k?
8
Let k = 6 + -25. Let d = k + 54. What is the tens digit of d?
3
Let j be 45/6 + 3/(-6). Suppose -11*t + j*t = -80. What is the units digit of t?
0
Let s(x) = -x**3 - 5*x**2 - 5*x - 4. Let u be s(-4). Let j be u - (0/(-3) + 3). What is the units digit of ((-20)/(-8))/(j/(-18))?
5
Let l(s) = s**3 - 6*s**2 + 6*s - 4. Let r be l(5). What is the units digit of 4*r/6*36?
4
Let v(h) = -7*h - 44. What is the tens digit of v(-20)?
9
Suppose -2*q - 3*w = 80, 4*w = 4*q - 9*q - 193. Let f = q - -54. What is the tens digit of f?
1
Let y(c) = -c**3 - 4*c**2 + 5*c + 6. Let p be y(-6). Suppose 2*j = p - 0. What is the tens digit of j?
2
Suppose 0 = -0*n + 5*n - 5. Let t = n - -7. Suppose 12 = 4*i - t. What is the units digit of i?
5
Suppose -x + 3*r = 2*r - 78, 68 = x + 4*r. What is the units digit of x?
6
Let s(p) = -p**3 + 4*p**2 - p + 1. Let r be s(2). Let v = r - -1. What is the units digit of v?
8
Let x = 26 + -27. Let g(b) be the second derivative of -2*b**3 - b**2/2 + b. What is the units digit of g(x)?
1
Let u = 8 + -4. Suppose -u = 4*h - 32. Suppose 5*v = h + 3. What is the units digit of v?
2
What is the tens digit of 2/(-3)*(-3 + 44)*-3?
8
Let k = 9 + -1. What is the tens digit of 186/10 + k/20?
1
Let j be -12 + 0 + 0/3. What is the units digit of (-2)/(-4) + (-66)/j?
6
Suppose 4*n + n - 205 = 0. Let l = -29 + n. What is the tens digit of l?
1
Let i(d) = -8*d - 8. What is the units digit of i(-9)?
4
Let r(v) = -3*v. Let c be 2/3*21/(-14). What is the units digit of r(c)?
3
Let p = 7 - -1. What is the units digit of p?
8
Let m(f) = -37*f + 9*f - 15*f - 10*f. What is the tens digit of m(-1)?
5
Suppose -2*x = 5*b - 206, 0 = 4*b - b - x - 117. What is the tens digit of b?
4
Let l(b) = 2*b + 21. Let d be l(-9). What is the units digit of -1*(-4 + d - 16)?
7
Suppose 0 = -5*g + 439 - 44. Let w = -51 + g. What is the tens digit of w?
2
Suppose -9*c + 20 = -4*c. Suppose -y = t + 2 - 14, -66 = -c*y + 5*t. What is the units digit of y?
4
Let o = -5 - -7. Let m(q) = 2 - 4*q - o. What is the tens digit of m(-5)?
2
Suppose f = -2 - 1. Let n be 2/2 - (-346 - f). What is the units digit of (-4)/(-22) + n/44?
8
Let t be 2*6*(-1 + 3). Suppose 0 = 5*v - o + 80, v + 20 = -2*v - 5*o. Let q = v + t. What is the units digit of q?
9
Let s be (70/4)/(-7)*2. What is the units digit of 